it of 364?
3
What is the units digit of 6163?
3
What is the hundreds digit of 1819?
8
What is the thousands digit of 5603?
5
What is the hundreds digit of 29430?
4
What is the thousands digit of 11160?
1
What is the tens digit of 3040?
4
What is the ten thousands digit of 144261?
4
What is the thousands digit of 3681?
3
What is the hundreds digit of 2639?
6
What is the tens digit of 244?
4
What is the hundreds digit of 55486?
4
What is the hundreds digit of 8546?
5
What is the thousands digit of 3723?
3
What is the thousands digit of 9993?
9
What is the hundreds digit of 2323?
3
What is the tens digit of 1388?
8
What is the hundreds digit of 35274?
2
What is the thousands digit of 65515?
5
What is the thousands digit of 1281?
1
What is the hundreds digit of 3494?
4
What is the units digit of 36208?
8
What is the hundreds digit of 33457?
4
What is the thousands digit of 1299?
1
What is the ten thousands digit of 111089?
1
What is the thousands digit of 52909?
2
What is the thousands digit of 9407?
9
What is the thousands digit of 43207?
3
What is the tens digit of 30265?
6
What is the hundreds digit of 50442?
4
What is the hundreds digit of 18206?
2
What is the tens digit of 12608?
0
What is the thousands digit of 1777?
1
What is the hundreds digit of 29139?
1
What is the units digit of 23131?
1
What is the tens digit of 28587?
8
What is the tens digit of 30550?
5
What is the ten thousands digit of 70989?
7
What is the thousands digit of 6235?
6
What is the hundreds digit of 1968?
9
What is the units digit of 86334?
4
What is the hundreds digit of 29470?
4
What is the thousands digit of 20448?
0
What is the thousands digit of 5972?
5
What is the hundreds digit of 150?
1
What is the units digit of 34985?
5
What is the tens digit of 550?
5
What is the units digit of 512?
2
What is the tens digit of 65477?
7
What is the units digit of 63?
3
What is the ten thousands digit of 14368?
1
What is the units digit of 28?
8
What is the thousands digit of 2094?
2
What is the thousands digit of 2494?
2
What is the hundreds digit of 11405?
4
What is the tens digit of 1036?
3
What is the hundreds digit of 57192?
1
What is the thousands digit of 24688?
4
What is the thousands digit of 8367?
8
What is the thousands digit of 76424?
6
What is the tens digit of 6586?
8
What is the hundreds digit of 6238?
2
What is the tens digit of 2327?
2
What is the units digit of 16705?
5
What is the hundreds digit of 237?
2
What is the units digit of 10842?
2
What is the tens digit of 897?
9
What is the hundreds digit of 11294?
2
What is the tens digit of 127136?
3
What is the units digit of 297?
7
What is the hundreds digit of 3196?
1
What is the hundreds digit of 647?
6
What is the hundreds digit of 4104?
1
What is the tens digit of 2047?
4
What is the units digit of 2204?
4
What is the units digit of 13461?
1
What is the units digit of 5372?
2
What is the thousands digit of 3305?
3
What is the tens digit of 11888?
8
What is the units digit of 7765?
5
What is the units digit of 30967?
7
What is the units digit of 22117?
7
What is the hundreds digit of 20591?
5
What is the hundreds digit of 521?
5
What is the tens digit of 47047?
4
What is the hundreds digit of 14174?
1
What is the units digit of 618?
8
What is the hundreds digit of 1191?
1
What is the hundreds digit of 11039?
0
What is the thousands digit of 2634?
2
What is the hundreds digit of 756?
7
What is the ten thousands digit of 31470?
3
What is the tens digit of 17126?
2
What is the ten thousands digit of 19877?
1
What is the hundreds digit of 179?
1
What is the units digit of 78337?
7
What is the thousands digit of 9338?
9
What is the thousands digit of 1009?
1
What is the tens digit of 133586?
8
What is the ten thousands digit of 37971?
3
What is the hundreds digit of 379?
3
What is the thousands digit of 26977?
6
What is the thousands digit of 12087?
2
What is the thousands digit of 56701?
6
What is the units digit of 1952?
2
What is the tens digit of 40766?
6
What is the thousands digit of 2316?
2
What is the ten thousands digit of 13808?
1
What is the hundreds digit of 17960?
9
What is the units digit of 1961?
1
What is the hundreds digit of 3508?
5
What is the hundreds digit of 85682?
6
What is the units digit of 239?
9
What is the units digit of 4253?
3
What is the units digit of 2039?
9
What is the tens digit of 1481?
8
What is the tens digit of 5723?
2
What is the thousands digit of 7965?
7
What is the ten thousands digit of 13334?
1
What is the tens digit of 5673?
7
What is the thousands digit of 7627?
7
What is the units digit of 22614?
4
What is the hundreds digit of 26690?
6
What is the hundreds digit of 1584?
5
What is the units digit of 31708?
8
What is the hundreds digit of 234?
2
What is the ten thousands digit of 202684?
0
What is the tens digit of 1012?
1
What is the ten thousands digit of 92766?
9
What is the hundreds digit of 670?
6
What is the hundreds digit of 128401?
4
What is the units digit of 124?
4
What is the hundreds digit of 21480?
4
What is the hundreds digit of 20582?
5
What is the thousands digit of 102413?
2
What is the units digit of 18752?
2
What is the units digit of 2741?
1
What is the units digit of 12702?
2
What is the tens digit of 1261?
6
What is the tens digit of 1933?
3
What is the hundreds digit of 288?
2
What is the thousands digit of 26746?
6
What is the hundreds digit of 8902?
9
What is the units digit of 37183?
3
What is the hundreds digit of 85557?
5
What is the thousands digit of 2984?
2
What is the hundreds digit of 4105?
1
What is the hundreds digit of 6944?
9
What is the ten thousands digit of 34251?
3
What is the tens digit of 2266?
6
What is the hundreds digit of 593?
5
What is the units digit of 79179?
9
What is the hundreds digit of 1664?
6
What is the hundreds digit of 524?
5
What is the tens digit of 966?
6
What is the units digit of 2444?
4
What is the units digit of 966?
6
What is the tens digit of 17996?
9
What is the tens digit of 18565?
6
What is the units digit of 3206?
6
What is the tens digit of 397?
9
What is the units digit of 801?
1
What is the ten thousands digit of 42305?
4
What is the hundreds digit of 5763?
7
What is the thousands digit of 4396?
4
What is the units digit of 50?
0
What is the hundreds digit of 14748?
7
What is the ten thousands digit of 38775?
3
What is the units digit of 1521?
1
What is the hundreds digit of 645?
6
What is the thousands digit of 6050?
6
What is the tens digit of 40542?
4
What is the hundreds digit of 103433?
4
What is the thousands digit of 2072?
2
What is the hundreds digit of 562?
5
What is the thousands digit of 2304?
2
What is the hundreds digit of 178?
1
What is the ten thousands digit of 120357?
2
What is the units digit of 119202?
2
What is the units digit of 82505?
5
What is the ten thousands digit of 11701?
1
What is the tens digit of 86219?
1
What is the tens digit of 3074?
7
What is the tens digit of 3766?
6
What is the units digit of 4796?
6
What is the hundreds digit of 653?
6
What is the thousands digit of 12218?
2
What is the units digit of 1034?
4
What is the thousands digit of 6870?
6
What is the tens digit of 3439?
3
What is the ten thousands digit of 46120?
4
What is the thousands digit of 4115?
4
What is the tens digit of 382?
8
What is the tens digit of 2923?
2
What is the tens digit of 1653?
5
What is the ten thousands digit of 30857?
3
What is the tens digit of 2215?
1
What is the units digit of 5878?
8
What is the hundreds digit of 28733?
7
What is the hundreds digit of 944?
9
What is the tens digit of 5407?
0
What is the tens digit of 3003?
0
What is the tens digit of 549?
4
What is the units digit of 103880?
0
What is the hundreds digit of 10057?
0
What is the hundreds digit of 3966?
9
What is the tens digit of 1700?
0
What is the hundreds digit of 816?
8
What is the units digit of 203?
3
What is the ten thousands digit of 19030?
1
What is the tens digit of 1288?
8
What is the hundreds digit of 5130?
1
What is the units digit of 524?
4
What is the thousands digit of 83481?
3
What is the thousands digit of 32748?
2
What is the thousands digit of 18569?
8
What is the hundreds digit of 640?
6
What is the units digit of 79012?
2
What is the units digit of 30046?
6
What is the tens 